{"id":65,"date":"2016-04-20T18:23:34","date_gmt":"2016-04-20T18:23:34","guid":{"rendered":"http:\/\/www.dipsol.com.ar\/?page_id=65"},"modified":"2016-04-20T18:23:34","modified_gmt":"2016-04-20T18:23:34","slug":"inicios-de-la-division-produccion","status":"publish","type":"page","link":"https:\/\/www.dipsol.com.ar\/?page_id=65","title":{"rendered":"Inicios de la Divisi\u00f3n Producci\u00f3n"},"content":{"rendered":"<p align=\"justify\">La consolidaci\u00f3n de los objetivos trazados en Dipsol a trav\u00e9s de la Escuela de Soldadura, nos permiti\u00f3 incursionar en el <strong>rubro de la construcci\u00f3n metal mec\u00e1nica<\/strong>.<\/p>\n<p align=\"justify\">Desde 1990\u00a0trabajamos poniendo de manifiesto <strong>en nuestros productos la calidad<\/strong> de un trabajo que hemos transmitido desde nuestras aulas a varias generaciones de trabajadores.<\/p>\n<p align=\"justify\">El nacimiento de esta divisi\u00f3n surgi\u00f3 de la inquietud de futuros clientes quienes considerando la calidad de formaci\u00f3n brindada por Dipsol, nos alentaron a iniciarnos en el rubro de fabricaciones metal mec\u00e1nicas.<\/p>\n<p align=\"justify\">Los recursos humanos y tecnol\u00f3gicos disponibles en Dipsol fueron siempre garant\u00eda de la satisfacci\u00f3n total de los clientes.<\/p>\n<p align=\"justify\">El trabajo de esta divisi\u00f3n esta basado en la filosof\u00eda de la mejora continua, aplicando<strong>normas, innovaciones y desarrollos tecnol\u00f3gicos como meta de la calidad total<\/strong>.<\/p>\n<p align=\"justify\">La misma experiencia y responsabilidad avalan un trabajo que busca lograr la confianza y satisfacci\u00f3n del cliente, sobre <strong>la ecuaci\u00f3n de calidad, costo y servicio adecuados<\/strong>.<\/p>\n","protected":false},"excerpt":{"rendered":"<p>La consolidaci\u00f3n de los objetivos trazados en Dipsol a trav\u00e9s de la Escuela de Soldadura, nos permiti\u00f3 incursionar en el rubro de la construcci\u00f3n metal mec\u00e1nica. Desde 1990\u00a0trabajamos poniendo de manifiesto en nuestros productos la calidad de un trabajo que hemos transmitido desde nuestras aulas a varias generaciones de trabajadores. El nacimiento de esta divisi\u00f3n<a href=\"https:\/\/www.dipsol.com.ar\/?page_id=65\">[&#8230;]<\/a><\/p>\n","protected":false},"author":1,"featured_media":0,"parent":0,"menu_order":0,"comment_status":"closed","ping_status":"closed","template":"","meta":{"footnotes":""},"class_list":["post-65","page","type-page","status-publish","hentry"],"_links":{"self":[{"href":"https:\/\/www.dipsol.com.ar\/index.php?rest_route=\/wp\/v2\/pages\/65","targetHints":{"allow":["GET"]}}],"collection":[{"href":"https:\/\/www.dipsol.com.ar\/index.php?rest_route=\/wp\/v2\/pages"}],"about":[{"href":"https:\/\/www.dipsol.com.ar\/index.php?rest_route=\/wp\/v2\/types\/page"}],"author":[{"embeddable":true,"href":"https:\/\/www.dipsol.com.ar\/index.php?rest_route=\/wp\/v2\/users\/1"}],"replies":[{"embeddable":true,"href":"https:\/\/www.dipsol.com.ar\/index.php?rest_route=%2Fwp%2Fv2%2Fcomments&post=65"}],"version-history":[{"count":1,"href":"https:\/\/www.dipsol.com.ar\/index.php?rest_route=\/wp\/v2\/pages\/65\/revisions"}],"predecessor-version":[{"id":66,"href":"https:\/\/www.dipsol.com.ar\/index.php?rest_route=\/wp\/v2\/pages\/65\/revisions\/66"}],"wp:attachment":[{"href":"https:\/\/www.dipsol.com.ar\/index.php?rest_route=%2Fwp%2Fv2%2Fmedia&parent=65"}],"curies":[{"name":"wp","href":"https:\/\/api.w.org\/{rel}","templated":true}]}}